{"id":211,"date":"2021-04-05T17:43:43","date_gmt":"2021-04-05T15:43:43","guid":{"rendered":"http:\/\/emf-mediation.de\/1552820241838\/?page_id=211"},"modified":"2022-01-16T18:22:02","modified_gmt":"2022-01-16T17:22:02","slug":"mein-wachwerdegang","status":"publish","type":"page","link":"https:\/\/emf-mediation.de\/1552820241838\/ueber-mich\/mein-wachwerdegang\/","title":{"rendered":"Mein Wachwerdegang"},"content":{"rendered":"<p>[vc_row][vc_column width=&#8221;1\/6&#8243; css=&#8221;.vc_custom_1617582974722{padding-top: 0px !important;padding-bottom: 0px !important;}&#8221;][\/vc_column][vc_column width=&#8221;2\/3&#8243;][vc_column_text]<\/p>\n<h1>Mein Wachwerdegang<\/h1>\n<p>Vielleicht denkt oder fragt sich der ein oder andere, ob ich ein besonderes Erlebnis (eine Erleuchtung) oder sonst etwas \u201eGro\u00dfartiges, Einschneidendes\u201c erlebt habe \u2026 Was der Ausl\u00f6ser f\u00fcr diesen Weg war\u2026 Wie meine \u201epers\u00f6nliche Geschichte\u201c aussieht \u2026 Ich kann gleich vorweg nehmen \u2026 Nein, es gab nicht ein entscheidendes Ereignis, kein &#8220;Knoten&#8221;, der &#8220;endlich geplatzt&#8221; ist und danach war alles anders \ud83d\ude09 sondern wie bei den Meisten von uns, ist es einfach mein Lebensweg, die Folge meiner Entscheidungen, ein stetiger Prozess mit vielen kleinen wundervollen Ereignissen.<\/p>\n<p>Mit Ende zwanzig hatte ich fast alles, was ich mir gew\u00fcnscht hatte (einen Partner, ein Haus auf dem Land, viele Tiere, die Pferde am Haus mit Wiesen in der N\u00e4he, liebe Nachbarn, einen Job, genug Geld und genug Freizeit) und war nicht gl\u00fccklich. Eine Erkenntnis, die ich im Fr\u00fchjahr an einem wundersch\u00f6nen, sonnigen Tag hatte, als die Hunde freudig vor mir hergelaufen sind, die Wiesen saftig gr\u00fcn waren und ich mir dachte, ich m\u00fcsse der gl\u00fccklichste Mensch auf der Welt sein \u2013 aber ich war es nicht! Also habe ich angefangen, nach dem zu suchen, was mich gl\u00fccklich macht.<\/p>\n<p>Es gibt sooo vieles (im Au\u00dfen), was mich gl\u00fccklich macht; die zwitschernden V\u00f6gel, die Sonne, das Wasser, die lieben Menschen um mich, die Natur, leckeres Essen und und und<\/p>\n<p>Aber heute trage ich eine innere Zufriedenheit in mir, die ich mit 30 noch nicht hatte\u2026<\/p>\n<p>Aber zur\u00fcck zu den Anf\u00e4ngen:<\/p>\n<p>Meine Eltern hatten nichts mit Pferden am Hut, waren ganz bodenst\u00e4ndige Menschen, zwar studiert, aber nicht reich und auch nicht arm \u2013 mein Vater eher konservativ, meine Mutter noch nicht bei sich selbst angekommen und so haben sie sich getrennt, noch bevor ich in die 1. Klasse kam und ich habe die 1.-6. Klasse auf Gran Canaria an einer deutschen Schule absolviert, gemobbt von meinen Mitsch\u00fclern, antiautorit\u00e4r erzogen und fast immer drau\u00dfen im Park nahe unserer Wohnung oder im Reitstall. Mit 12 (also mitten in der Zeit, in der ein M\u00e4dchen sich wohl selbst finden sollte), wurde ich noch einmal entwurzelt und kam zur\u00fcck nach Deutschland, wo mich niemand verstand und ich mich sehr strengen Regeln und Sanktionen beim Nichtbefolgen der Regeln unterordnen musste.<\/p>\n<p>Wie war das mit dem Umzug von Gran Canaria zur\u00fcck nach Deutschland? Da das f\u00fcr mich ein sehr heftiges Trauma war, m\u00f6chte ich Ihnen das gerne etwas n\u00e4her und aus meiner pers\u00f6nlichen, heutigen Sicht auf damals erz\u00e4hlen: Ich habe in den Ferien 1 Woche bei einer Freundin \u00fcbernachtet und als ich \u201enach Hause\u201c zur\u00fcck kam (wir haben zu der Zeit in einem Hotel gewohnt), sagte man mir, meine Mutter und meine Schwester seien nicht mehr da und sie hatten mir auch keine Nachricht hinterlassen. Mit 12 Jahren stand ich also auf einmal (\u201eweil ich weg war, Spa\u00df mit einer Freundin hatte und nicht an meine Familie gedacht hatte\u201c) alleine da \u2013 \u201eganz alleine auf dieser Welt\u201c \u2026 verlassen \u2026 niemand hat an mich gedacht (so wie ich in der Woche nicht an meine Familie) \u2026 Ich bin dann zur\u00fcck zu meiner Freundin gegangen, wo mich ihre Eltern ins Bett gelegt haben. Meine Mutter war damals \u201eindisponiert\u201c, so dass mein Vater sich von Deutschland aus darum gek\u00fcmmert hat, dass meine Schwester und ich nach Deutschland zu ihm und seiner Lebensgef\u00e4hrtin gekommen sind. Was die konkreten Umst\u00e4nde dieses \u201ekomischen\u201c Ereignisses angeht; sie spielen keine Rolle mehr, da ich heute erwachsen und damit nicht mehr von meinen Eltern abh\u00e4ngig bin. Fakt war f\u00fcr mich (subjektiv): Ich war nun wieder im kalten, engen Deutschland. Ich habe sehr um das freie Leben auf Gran Canaria, meine beste Freundin und all die Pferde und anderen Tiere auf dem Reiterhof getrauert und habe sie ohne Ende vermisst. Von Verst\u00e4ndnis seitens der Erwachsenen oder meiner Schwester keine Spur, von Liebe erst recht nicht, stattdessen gab es klare Regeln, viele \u201eNeins\u201c und viele R\u00e4ume, die \u201enur f\u00fcr die Erwachsenen\u201c waren, damit sie m\u00f6glichst wenig in ihrem Freiraum eingeschr\u00e4nkt wurden, was sie durch die Kinder, die nun auf einmal da waren, ja schon genug wurden\u2026 Und ich habe mich in gewisser Weise von mir selbst und den Emotionen, mit denen ich damals nicht umgehen konnte, zur\u00fcckgezogen und nur noch funktioniert.<\/p>\n<p>Ja, es war ein heftiges Trauma und ja, ich habe \u00fcberlebt und ja, es hat mich st\u00e4rker gemacht und ja, ich l\u00f6se die Emotionen daraus und werde so freier und freier, vergebe, lebe und liebe wieder mehr und mehr. Ich m\u00f6chte weder auf die Zeit auf Gran Canaria verzichten, noch auf die Zeit in Deutschland (so hart es f\u00fcr mich auch war) \u2026 Aber mir ist klar, dass ich in Deutschland geboren wurde, weil ich hier eine Aufgabe habe, die ich erf\u00fcllen m\u00f6chte. Und wieder nach Gran Canaria zu gehen (ich habe das mehrfach in meinem Leben in Erw\u00e4gung gezogen) f\u00fchlt sich bislang nicht richtig an. Mir ist heute bewusst, dass Gran Canaria eine besondere Heimat f\u00fcr mich ist, da auf den Canaren nach wie vor die Energie von Atlantis sp\u00fcrbar ist und ich damals schon in Menschengestalt dort inkarniert war. Woher ich das wei\u00df? Manche Dinge tr\u00e4gt man als Erinnerung in sich und wei\u00df es einfach; ich war bei einer Meditationsreise mit einem Wal in den Tiefen des Ozeans und habe mir Atlantis angeschaut und es kam mir alles so bekannt vor. Dar\u00fcber hinaus glaube ich an die Reinkarnation und ich habe gelernt mehr und mehr auf meine Gedanken und Eingaben zu h\u00f6ren, bewusstes und unbewusstes zu unterscheiden bzw. nachzuschauen.<\/p>\n<p>Zur \u201eEinsicht\u201c (Sicht in mich selbst hinein) kam ich dann tats\u00e4chlich erst mit dem oben geschilderten Erlebnis im Alter von knapp 30 Jahren. Ich trennte mich von meinem Lebenspartner, l\u00f6ste viel Altes auf und begann nur mit einem Hund und ein paar M\u00f6beln in einem kleinen Apartment den Weg zur\u00fcck zu mir. Mit vielen Tiefs und den Spr\u00fcchen, die wohl viele von uns kennen: \u201eLass Dich nicht unterkriegen\u201c, \u201eMorgen sieht die Welt schon wieder anders aus\u201c, \u201eDer Weg ist das Ziel\u201c, \u201eDu bist auf einem guten Weg\u201c \u2026 und es war alles wahr und es zahlt sich aus.<\/p>\n<p>Neben meinem Job in einem Wasserbettenstudio, fing ich mit der Ausbildung zur SonoVet-Therapeutin (Ultraschalltherapie bei Pferden) an. Eine therapeutische Kollegin wies mich auf ein Tierkommunikationsseminar hin, weil sie meinte, das k\u00f6nne etwas f\u00fcr mich sein und dieses Seminar ver\u00e4nderte dann meine Welt weiter, da ich als Erwachsene dort erstmalig in dieser Inkarnation bewusst wahrgenommen habe, wie leicht ich telepathisch kommunizieren kann und wie viel es au\u00dfer dem Sichtbaren gibt.<\/p>\n<p>Ich bin Baujahr 1973 und 2007 war das erste Seminar. Seitdem entwickle ich mich immer weiter. Mich begleiten sehr viele unterschiedliche Menschen und auch dort gibt und gab es immer wieder Ver\u00e4nderungen.<br \/>\nIch liebe nach wie vor die Krafttierb\u00fccher von Jeanne Ruland, habe eine Ausbildung bei der Heilerin Elli M\u00fcller gemacht sowie sehr viele Seminare und Ausbildungen am Sauter-Institut in G\u00f6ppingen und 2019 meine 3. Geistheilerausbildung bei FATUM. Das Buch von Michael Tamura hat mich sehr begeistert, zumal ich es nach dem Ende meiner letzten Ausbildung gelesen habe und so vieles gut verstanden habe &#8230; und beim zweiten Lesen durfte ich noch tiefere Einsichten erfahren. Auch ein Seminar bei Kiara Windrider hat mich sehr begeistert und Christina von Dreien best\u00e4tigt mir vieles, was ich schon lange in mir sp\u00fcre und als wahr empfinde.<br \/>\nAuch haben wir eine kleine Gruppe aus der letzten Ausbildung gebildet und wir machen in unserem Kreis immer wieder Seelenlesungen und ich besuche regelm\u00e4\u00dfig Seminare bei Anna-Maria Pierce, die wie Mahima Hertwig und Annedore Krause nach Michael Tamura arbeiten. Derzeit (2021) nehme ich auch immer wieder an Gruppenheilungen von Franziska Tabea Winkler (Thetareading) teil. So kann ich mich immer weiter befreien und neue Erkenntnisse und lichtvolle Erfahrungen machen.<br \/>\nAnsonsten habe ich auch einen sehr guten Zugang zu meinem h\u00f6heren Selbst und zum universellen Wissen. So war ich 2020 bewusst und angemeldet im Wald und habe dort alle Antworten, zu den Fragen, die ich aktuell so auf dem Herzen hatte, erhalten. Das war sehr erf\u00fcllend.<\/p>\n<p>Auf meinem Weg sind mir noch viele viele Andere begegnet. Die oben genannten sind jedoch vermutlich die, die eine sehr wichtige Rolle gespielt haben und teilweise immer noch spielen. Auch nutze ich sehr gerne Kartensets. Wobei ich keine Karten lege, sondern sie einfach mit einer Frage mische und wenn man mir etwas mitteilen m\u00f6chte, fliegt eine Karte (oder mehrere) heraus.<\/p>\n<p>Ich habe mit der Zeit angefangen zun\u00e4chst bewusst positive Programmierungen zu setzen. Ja, auch das sind Programmierungen &amp; es ist nicht mein wahres Wesen, das dann Raum bekommt. Aber es sind und waren gute Schritte in die richtige Richtung. F\u00fcr mich war es der Weg &amp; die Entscheidung raus aus der Abw\u00e4rtsspirale in eine Aufw\u00e4rtsspirale des Lebens nicht mehr des \u00dcberlebens &#8211; um mir eine gute Basis zu schaffen, um gerne zu meinem K\u00f6rper zu kommen, ihn sch\u00e4tzen und nutzen zu lernen &amp; nun werde ich immer wahrer, freier, freudiger, lebendiger, kraftvoller. Es ist wundervoll = voller Wunder &amp; ich w\u00fcnsche das JEDEM INKARNIERTEN WESEN.<\/p>\n<p>Ich habe mich selbst immer mehr und mehr befreit. Von meinen 47 Jahren in diesem K\u00f6rper war ich bisher die meiste Zeit eher unbewusst. Ich hatte jahrelang keinen richtigen Zugang mehr zu meinem inneren Kind. Es hat mir nicht mehr vertraut, weil ich zu wenig nach ihm geschaut habe &#8230; Heute ist das Gott sei Dank anders. Mein inneres Kind meint, selbst wenn ich mit anderen Dingen besch\u00e4ftigt bin, sei meine Energie eine andere und es f\u00fchlt sich bei mir trotzdem wohl und sicher und geborgen. Aber am sch\u00f6nsten seien die Zeiten, in denen ich meinem Herzen folge und sch\u00f6ne Dinge tue, die mir Freude bereiten \ud83d\ude42<\/p>\n<p>Ich glaube, dass meine Seele jetzt einfach stabiler inkarniert, infussiert, in den physischen K\u00f6rper integriert ist und ich damit \u201evollst\u00e4ndiger\u201c bin.<\/p>\n<p>Meine au\u00dfergew\u00f6hnliche Lebensgeschichte zeigt, dass ich schon immer etwas \u201eanders\u201c war und doch \u00e4hnlich, wie so viele Andere, die sich \u201eder Masse\u201c nicht mehr zugeh\u00f6rige f\u00fchlen oder in dieser Inkarnation nie gef\u00fchlt haben.<\/p>\n<p>Halt haben mir zum Gl\u00fcck immer die Pferde sowie unterschiedliche wichtige Menschen in meinem Leben gegeben, ihre Liebe und ihr Verst\u00e4ndnis. Immer wieder haben sie mich begleitet und auf den richtigen Weg zur\u00fcck gef\u00fchrt, wenn ich dabei war, meinen Lebensweg zu verlassen und heute bin ich dabei dieses Zentrum f\u00fcr ganzheitliches Reiten zu realisieren \u2026 ohne monet\u00e4res Eigenkapital \u2026 aber mit Gottes Hilfe, meinem Glauben an mich und meinem Vertrauen in die lichtvolle geistige Welt und wenn ich das kann, k\u00f6nnen Sie es auch (Ihre Tr\u00e4ume, Ihre Bestimmung, Ihr Lebensziel leben)\u2026<\/p>\n<p>Was habe ich meine Lehrer innerlich angefleht, mir zu zeigen, wie das ist und mir zu helfen und gleichzeitig so Spr\u00fcche wie \u201eDer Weg ist das Ziel\u201c, \u201eDu tr\u00e4gst bereits alles in Dir\u201c \u201eWenn Du neutral bist, wird es sich wandeln\u201c, \u201eErst wenn Du Deine aktuelle Gegenwart so annimmst, wie sie ist, Die Emotionen aus den Erfahrungen der Vergangenheit erl\u00f6st, wirst Du frei sein und Transformation wird ganz nat\u00fcrlich geschehen\u201c, \u201eEs ist alles in Dir, \u00f6ffne Dich dem, und Du hast ALLES\u201c, &#8220;Du kannst es nur selbst erleben&#8221; \u2026 Das ist so, wie man als Kind es hasst, wenn die Erwachsenen nichts Besseres zu sagen haben als \u201eDu bist aber gro\u00df geworden\u201c \u2026 und wenn man selbst erwachsen ist, ist das auch das erste, was einem einf\u00e4llt, wenn man ein Kind l\u00e4nger nicht gesehen hat.<\/p>\n<p>Immer wieder stelle ich fest, es ist so so wahr. Der Weg ist das Ziel, wir tragen bereits alles in uns und entscheiden selbst, worauf wir unsere Energie lenken. Und was wir s\u00e4en, ernten wir auch.<\/p>\n<p>Einmal habe ich einfach nur zwei Freundinnen unabh\u00e4ngig voneinander meine Situation geschildert, ganz neutral. Ich war sehr dankbar daf\u00fcr, dass alles so ist, wie es gerade ist \u2013 auch wenn ich den genauen Weg f\u00fcr meine Zukunft noch nicht sehe sondern nur Zwischenziele kenne. Ich habe gef\u00fchlt, dass ich mich mit der Vergangenheit ausges\u00f6hnt habe. Ich erkenne an, welche Fortschritte ich mache und sehe, wo ich aktuell stehe, was schon viel besser ist als fr\u00fcher und wo ich noch sooo viel Potenzial habe und sehe und schwubst am n\u00e4chsten Tag ging es direkt weiter und ich mache die n\u00e4chsten Schritte in meiner Entwicklung und in Richtung Zwischenziel \u2026 und es ist sooo leicht und einfach, weil ich es nicht erzwinge sondern warte, bis es da ist und mich immer wieder erde, erbitte und Raum gebe. Ja, ich bin sehr sehr gl\u00fccklich und dankbar!<\/p>\n<p>Ich sehe es durchaus als Sinn meiner Erfahrungen auf dieser Erde, durch das Erwachen wieder in meine vollst\u00e4ndige Kraft und in die Einheit mit allem Sein zu kommen.<\/p>\n<p>Es ist einfach die Zeit, in der sooo viele Menschen in die gleiche Richtung gehen. Sooo viel Lichtvolles ist bereits so sp\u00fcr- &amp; erfahrbar im morphischen Feld, dass sich vieles wiederholt. Jeder von uns ist wichtig, wir haben bereits die kritische Masse erreicht &amp; ich freue mich auf den kollektiven Aufstieg in die 5. Dichte.<\/p>\n<p>Hier in der 3. Dimension kann der Verstand das nicht begreifen. F\u00fchlen Sie in sich hinein &amp; erkennen Sie selbst, was f\u00fcr Sie wahr ist, was Ihre Wirklichkeit ist.<\/p>\n<p>Dabei m\u00f6chte ich Ihnen gerne Anregungen geben, Engp\u00e4sse aufzeigen, die sooo viel Potenzial in sich tragen.[\/vc_column_text][\/vc_column][vc_column width=&#8221;1\/6&#8243; css=&#8221;.vc_custom_1623958568359{padding-top: 1em !important;background-color: #f5d530 !important;border-radius: 5px !important;}&#8221;][vc_wp_custommenu nav_menu=&#8221;4&#8243;][\/vc_column][\/vc_row][vc_row][vc_column][vc_single_image image=&#8221;734&#8243; img_size=&#8221;full&#8221; alignment=&#8221;center&#8221; css=&#8221;.vc_custom_1624479301927{margin-top: 5px !important;margin-bottom: 5px !important;}&#8221;][\/vc_column][\/vc_row]<\/p>\n","protected":false},"excerpt":{"rendered":"<p>[vc_row][vc_column width=&#8221;1\/6&#8243; css=&#8221;.vc_custom_1617582974722{padding-top: 0px !important;padding-bottom: 0px !important;}&#8221;][\/vc_column][vc_column width=&#8221;2\/3&#8243;][vc_column_text] Mein Wachwerdegang Vielleicht denkt oder fragt sich der ein oder andere, ob ich ein besonderes Erlebnis (eine Erleuchtung) oder sonst etwas \u201eGro\u00dfartiges, Einschneidendes\u201c erlebt habe \u2026 Was der Ausl\u00f6ser f\u00fcr diesen Weg war\u2026 Wie meine \u201epers\u00f6nliche Geschichte\u201c aussieht \u2026 Ich kann gleich vorweg nehmen \u2026 Nein, es&hellip;<\/p>\n","protected":false},"author":1,"featured_media":0,"parent":34,"menu_order":4,"comment_status":"closed","ping_status":"closed","template":"","meta":[],"_links":{"self":[{"href":"https:\/\/emf-mediation.de\/1552820241838\/wp-json\/wp\/v2\/pages\/211"}],"collection":[{"href":"https:\/\/emf-mediation.de\/1552820241838\/wp-json\/wp\/v2\/pages"}],"about":[{"href":"https:\/\/emf-mediation.de\/1552820241838\/wp-json\/wp\/v2\/types\/page"}],"author":[{"embeddable":true,"href":"https:\/\/emf-mediation.de\/1552820241838\/wp-json\/wp\/v2\/users\/1"}],"replies":[{"embeddable":true,"href":"https:\/\/emf-mediation.de\/1552820241838\/wp-json\/wp\/v2\/comments?post=211"}],"version-history":[{"count":55,"href":"https:\/\/emf-mediation.de\/1552820241838\/wp-json\/wp\/v2\/pages\/211\/revisions"}],"predecessor-version":[{"id":789,"href":"https:\/\/emf-mediation.de\/1552820241838\/wp-json\/wp\/v2\/pages\/211\/revisions\/789"}],"up":[{"embeddable":true,"href":"https:\/\/emf-mediation.de\/1552820241838\/wp-json\/wp\/v2\/pages\/34"}],"wp:attachment":[{"href":"https:\/\/emf-mediation.de\/1552820241838\/wp-json\/wp\/v2\/media?parent=211"}],"curies":[{"name":"wp","href":"https:\/\/api.w.org\/{rel}","templated":true}]}}