{"id":34,"date":"2019-03-25T19:34:08","date_gmt":"2019-03-25T19:34:08","guid":{"rendered":"http:\/\/emf-mediation.de\/1552820241838\/?page_id=34"},"modified":"2022-01-16T18:23:20","modified_gmt":"2022-01-16T17:23:20","slug":"ueber-mich","status":"publish","type":"page","link":"https:\/\/emf-mediation.de\/1552820241838\/ueber-mich\/","title":{"rendered":"\u00dcber mich"},"content":{"rendered":"<p>[vc_row][vc_column width=&#8221;1\/6&#8243; css=&#8221;.vc_custom_1617582974722{padding-top: 0px !important;padding-bottom: 0px !important;}&#8221;][\/vc_column][vc_column width=&#8221;2\/3&#8243;][vc_column_text]<\/p>\n<h1><strong>\u00dcber mich<\/strong><\/h1>\n<p><!-- \/wp:paragraph -->[\/vc_column_text][vc_column_text]F\u00fcr dieses Leben habe ich mir eine sehr unsichere Kindheit mit einigen Traumatisierungen und vielen Manipulationen ausgesucht.<\/p>\n<p>Ein riesiger Dank geht an all die Pferde, Menschen und nicht inkarnierte Wesen, die mir stets eine sehr gro\u00dfe St\u00fctze sowie wohlwollende und heilvolle Lehrmeister sind, waren und weiterhin sein werden; sowie an meine ganz pers\u00f6nlichen Impuls-, Rat\u2013 und Kraftgeber sowie \u201cFels in der Brandung\u201c des Lebens.<\/p>\n<p>Der Weg zu mir und in diese Welt hat mich \u00fcber Gran Canaria, Wiesbaden, Taunusstein, Hofheim, Netzbach, das M\u00fcnsterland nach Bonn gef\u00fchrt; von einer Ausbildung zur Industriekauffrau zu k\u00f6rperentspannenden Ausbildungen (f\u00fcr Menschen und Tiere), die mehr und mehr in die feinstofflichen Ebenen \u00fcbergingen, so dass sich mein Hellwissen und meine bewusste Wahrnehmung mehr und mehr entfalten konnten und weiterhin werden k\u00f6nnen.<\/p>\n<p>Ich liebe es, die Menschen in ihrer Entwicklung hin zu mehr Freude, Verst\u00e4ndnis, Vergebung, Leichtigkeit und Liebe zu unterst\u00fctzen, so zu sein, wie sie in ihrem Wesenskern sind: Lichtvolle, feine und kraftvolle Wesen zugleich.<\/p>\n<p>Intuition und klare Struktur sind meine St\u00e4rken: &#8220;Wenn Klarheit klar, rein und frei bleibt.&#8221;<\/p>\n<p>Kreativit\u00e4t und Achtsamkeit mit Worten, Klarheit erlangen, mit Leben f\u00fcllen und dann volle Kraft voraus.<\/p>\n<p>Eine liebe Freundin sagte \u00fcber mich: \u201eNur wenige haben so ein erweitertes Bewusstsein, sind so authentisch und glaubw\u00fcrdig, in Liebe, Freundlichkeit, Achtung, Wertsch\u00e4tzung, Erg\u00e4nzung, Aufmerksamkeit und Konzentration auf den Menschen, der da ist.\u201c<\/p>\n<p>Ein anderer Bekannter w\u00e4hlte seine Worte wie folgt: \u201eDein Gedankenpalast hat erfreulich viele Zimmer. Das allein ist nichts Selbstverst\u00e4ndliches. Du durchschreitest sie einzeln, siehst Dich darin um, beobachtest wie sie auf Dich wirken und sammelst so, langsam aber beharrlich, Puzzlestein f\u00fcr Puzzlestein f\u00fcr das gro\u00dfe Ganze.\u201c<\/p>\n<p>Und mir ist dabei immer sehr bewusst, dass ich ein ganz kleiner Teil des gro\u00dfen Ganzen bin und derzeit auch nur einen sehr kleinen Teil wahrnehme. Und doch oder vielleicht auch gerade deshalb bin ich von tiefer Dankbarkeit erf\u00fcllt und freue mich auf unsere weitere Entwicklung und \u00fcber jedes neue Jetzt.<\/p>\n<p>Auf meinem Weg in diesem Leben haben mich neben meiner Familie, meinen Freunden (Menschen wie Tiere) und den lichtvollen Begleitern insbesondere Christina von Dreien, Franziska Tabea Winkler, das Sauter-Institut, Jeanne Ruland, Mahima Nalima A. Hertwig, Anna-Maria Pierce, Michael Tamura, Dr. Anne Katharina Zschocke, Elli M\u00fcller, Judy Hall, Karin Ralev, Keren Morris sowie Gavin Scofield inspiriert und unterst\u00fctzt meine Wahrheiten zu finden\u00a0 &#8211; immer wieder neu und noch freier.<\/p>\n<p>M\u00f6gen auch Sie mit g\u00f6ttlichem Segen Ihre Wahrheiten finden.[\/vc_column_text][\/vc_column][vc_column width=&#8221;1\/6&#8243; css=&#8221;.vc_custom_1623958495525{padding-top: 1em !important;background-color: #f5d530 !important;border-radius: 5px !important;}&#8221;][vc_wp_custommenu nav_menu=&#8221;4&#8243; el_class=&#8221;emf_sidemenu&#8221;][\/vc_column][\/vc_row][vc_row][vc_column][vc_single_image image=&#8221;734&#8243; img_size=&#8221;full&#8221; alignment=&#8221;center&#8221; css=&#8221;.vc_custom_1624479358316{margin-top: 5px !important;margin-bottom: 5px !important;}&#8221;][\/vc_column][\/vc_row]<\/p>\n","protected":false},"excerpt":{"rendered":"<p>[vc_row][vc_column width=&#8221;1\/6&#8243; css=&#8221;.vc_custom_1617582974722{padding-top: 0px !important;padding-bottom: 0px !important;}&#8221;][\/vc_column][vc_column width=&#8221;2\/3&#8243;][vc_column_text] \u00dcber mich [\/vc_column_text][vc_column_text]F\u00fcr dieses Leben habe ich mir eine sehr unsichere Kindheit mit einigen Traumatisierungen und vielen Manipulationen ausgesucht. Ein riesiger Dank geht an all die Pferde, Menschen und nicht inkarnierte Wesen, die mir stets eine sehr gro\u00dfe St\u00fctze sowie wohlwollende und heilvolle Lehrmeister sind, waren und&hellip;<\/p>\n","protected":false},"author":1,"featured_media":0,"parent":0,"menu_order":0,"comment_status":"closed","ping_status":"closed","template":"","meta":[],"_links":{"self":[{"href":"https:\/\/emf-mediation.de\/1552820241838\/wp-json\/wp\/v2\/pages\/34"}],"collection":[{"href":"https:\/\/emf-mediation.de\/1552820241838\/wp-json\/wp\/v2\/pages"}],"about":[{"href":"https:\/\/emf-mediation.de\/1552820241838\/wp-json\/wp\/v2\/types\/page"}],"author":[{"embeddable":true,"href":"https:\/\/emf-mediation.de\/1552820241838\/wp-json\/wp\/v2\/users\/1"}],"replies":[{"embeddable":true,"href":"https:\/\/emf-mediation.de\/1552820241838\/wp-json\/wp\/v2\/comments?post=34"}],"version-history":[{"count":40,"href":"https:\/\/emf-mediation.de\/1552820241838\/wp-json\/wp\/v2\/pages\/34\/revisions"}],"predecessor-version":[{"id":785,"href":"https:\/\/emf-mediation.de\/1552820241838\/wp-json\/wp\/v2\/pages\/34\/revisions\/785"}],"wp:attachment":[{"href":"https:\/\/emf-mediation.de\/1552820241838\/wp-json\/wp\/v2\/media?parent=34"}],"curies":[{"name":"wp","href":"https:\/\/api.w.org\/{rel}","templated":true}]}}