{"id":478,"date":"2021-05-14T13:28:21","date_gmt":"2021-05-14T11:28:21","guid":{"rendered":"http:\/\/emf-mediation.de\/1552820241838\/?page_id=478"},"modified":"2022-01-16T17:56:59","modified_gmt":"2022-01-16T16:56:59","slug":"heilgespraeche","status":"publish","type":"page","link":"https:\/\/emf-mediation.de\/1552820241838\/leistungen\/heilgespraeche\/","title":{"rendered":"Heilgespr\u00e4che"},"content":{"rendered":"<p>[vc_row][vc_column width=&#8221;1\/6&#8243;][\/vc_column][vc_column width=&#8221;2\/3&#8243;][vc_column_text]<\/p>\n<h2><strong>Heilgespr\u00e4che<\/strong><\/h2>\n<p>Bei einem Heilgespr\u00e4ch h\u00f6re ich achtsam auf Ihre Worte und \u00f6ffne mich bewusst f\u00fcr meine feinstoffliche Wahrnehmung. In Verbindung mit der lichtvollen geistigen Welt, mit der mir innewohnenden Klarheit und meiner Wahrnehmung f\u00fcr das, was gerade zur Wandlung bereit ist, kann ich Sie erinnern, zu tiefen Einsichten f\u00fchren und Ihnen Impulse f\u00fcr deren Wandlung, Integration oder auch Herausl\u00f6sung aus Ihren R\u00e4umen mit auf Ihren weiteren Weg geben.<\/p>\n<p>Durch die Verbindung mit der lichtvollen geistigen Welt wird so bei einem Heilgespr\u00e4ch teilweise \u201edurch mich\u201c gesprochen, teilweise bekomme ich auch Bilder gezeigt und wir schauen uns eine Situation feinstofflich an, ich h\u00f6re \u201eUnstimmigkeiten\u201c oder erhalte Informationen.<\/p>\n<p>Manche w\u00fcrden meine T\u00e4tigkeit auch als Lebensberatung, Coaching, spirituelle, psychologische, metaphysische Beratung, Paarberatung, Mediation, Team-und F\u00fchrungskr\u00e4fte-Coaching, Reiter-Pferde-Coaching, Tierkommunikation, Seelenlesung, geistige Kontaktaufnahme, Channelling etc. bezeichnen.<\/p>\n<p>Die Heilgespr\u00e4che k\u00f6nnen pers\u00f6nlich oder telefonisch stattfinden, da es feinstofflich keine r\u00e4umlichen Begrenzungen gibt.<\/p>\n<p>Pers\u00f6nlich k\u00f6nnen wir uns in den R\u00e4umen des Albert-Schweizer-Hauses in Bonn, bei Ihnen oder an dem Ort an dem das Pferd bzw. die Pferde leben treffen.[\/vc_column_text][vc_column_text]Heilgespr\u00e4che dauern meist 45 Minuten bis ca. 1,5 Stunden. Sie k\u00f6nnen nach unseren W\u00fcnschen, unserem Typ und der derzeitigen Lebenssituation individuell angepasst werden. So habe ich z. B. auch schon (bisher jeweils einmalige) 4 st\u00fcndige &#8220;Intensiv-Heilgespr\u00e4che&#8221; durchgef\u00fchrt.<\/p>\n<p>Die Kosten eines Heilgespr\u00e4ches liegen derzeit bei mindestens 120 \u20ac (inkl. meiner pers\u00f6nlichen Vor- und Nachbereitung).<\/p>\n<p>Gerne k\u00f6nnen Sie mich f\u00fcr ein individuelles Angebot <a href=\"https:\/\/emf-mediation.de\/1552820241838\/kontakt\/\">hier<\/a> kontaktieren.[\/vc_column_text][vc_column_text css=&#8221;.vc_custom_1642352217651{margin-bottom: 25px !important;padding-top: 20px !important;padding-right: 20px !important;padding-bottom: 20px !important;padding-left: 20px !important;background-color: #e899f2 !important;border-radius: 15px !important;}&#8221;]Meine Arbeit ersetzt keinesfalls \u00e4rztliche, heilpraktische oder therapeutische Diagnosen und deren Behandlung, ist keine Grundlage f\u00fcr eigenst\u00e4ndige Diagnosen und beinhaltet keine Heilversprechen! Bei bestehenden oder akuten Erkrankungen empfehle ich Dir den Arzt, Heilpraktiker oder Therapeuten Deines Vertrauens zu konsultieren und ggf. R\u00fccksprache zu halten.<\/p>\n<p>Ich stelle keine Diagnosen und gebe keine Heilversprechen!<\/p>\n<p>Mein Angebot dient der Selbsthilfe und damit der Reaktivierung und St\u00e4rkung Deiner Selbstheilungskr\u00e4fte sowie der Verbesserung Deiner Lebensqualit\u00e4t. Es richtet sich an Personen die bewusster sein und so ihr Potenzial entfalten wollen.<\/p>\n<p>Jede Person \u00fcbernimmt die volle Verantwortung f\u00fcr den Umgang mit den ihr \u00fcberlassenen Informationen.<\/p>\n<p>Ich bin weder direkt, noch indirekt f\u00fcr unerw\u00fcnschte Reaktionen haftbar, die durch die eigenst\u00e4ndige Anwendung der \u00fcberlassenen Informationen entstehen.[\/vc_column_text][vc_column_text]<span style=\"color: #999999;\"><em>Bildquelle: C.Sch\u00fc\u00dfler \u2013 stock.adobe.com<\/em><\/span>[\/vc_column_text][\/vc_column][vc_column width=&#8221;1\/6&#8243; css=&#8221;.vc_custom_1640867186564{padding-top: 1em !important;background-color: #f5d530 !important;border-radius: 5px !important;}&#8221; offset=&#8221;vc_hidden-xs&#8221;][vc_wp_custommenu nav_menu=&#8221;7&#8243;][\/vc_column][\/vc_row]<\/p>\n","protected":false},"excerpt":{"rendered":"<p>[vc_row][vc_column width=&#8221;1\/6&#8243;][\/vc_column][vc_column width=&#8221;2\/3&#8243;][vc_column_text] Heilgespr\u00e4che Bei einem Heilgespr\u00e4ch h\u00f6re ich achtsam auf Ihre Worte und \u00f6ffne mich bewusst f\u00fcr meine feinstoffliche Wahrnehmung. In Verbindung mit der lichtvollen geistigen Welt, mit der mir innewohnenden Klarheit und meiner Wahrnehmung f\u00fcr das, was gerade zur Wandlung bereit ist, kann ich Sie erinnern, zu tiefen Einsichten f\u00fchren und Ihnen Impulse&hellip;<\/p>\n","protected":false},"author":1,"featured_media":0,"parent":6,"menu_order":2,"comment_status":"closed","ping_status":"closed","template":"","meta":[],"_links":{"self":[{"href":"https:\/\/emf-mediation.de\/1552820241838\/wp-json\/wp\/v2\/pages\/478"}],"collection":[{"href":"https:\/\/emf-mediation.de\/1552820241838\/wp-json\/wp\/v2\/pages"}],"about":[{"href":"https:\/\/emf-mediation.de\/1552820241838\/wp-json\/wp\/v2\/types\/page"}],"author":[{"embeddable":true,"href":"https:\/\/emf-mediation.de\/1552820241838\/wp-json\/wp\/v2\/users\/1"}],"replies":[{"embeddable":true,"href":"https:\/\/emf-mediation.de\/1552820241838\/wp-json\/wp\/v2\/comments?post=478"}],"version-history":[{"count":26,"href":"https:\/\/emf-mediation.de\/1552820241838\/wp-json\/wp\/v2\/pages\/478\/revisions"}],"predecessor-version":[{"id":926,"href":"https:\/\/emf-mediation.de\/1552820241838\/wp-json\/wp\/v2\/pages\/478\/revisions\/926"}],"up":[{"embeddable":true,"href":"https:\/\/emf-mediation.de\/1552820241838\/wp-json\/wp\/v2\/pages\/6"}],"wp:attachment":[{"href":"https:\/\/emf-mediation.de\/1552820241838\/wp-json\/wp\/v2\/media?parent=478"}],"curies":[{"name":"wp","href":"https:\/\/api.w.org\/{rel}","templated":true}]}}