{"id":497,"date":"2021-05-15T07:20:17","date_gmt":"2021-05-15T05:20:17","guid":{"rendered":"http:\/\/emf-mediation.de\/1552820241838\/?page_id=497"},"modified":"2022-01-16T18:14:28","modified_gmt":"2022-01-16T17:14:28","slug":"pferde","status":"publish","type":"page","link":"https:\/\/emf-mediation.de\/1552820241838\/pferde\/","title":{"rendered":"Pferde"},"content":{"rendered":"<p>[vc_row][vc_column width=&#8221;1\/6&#8243;][\/vc_column][vc_column width=&#8221;2\/3&#8243;][vc_column_text]<\/p>\n<h1>Pferde<\/h1>\n<p>Da ich mich Pferden sehr nah f\u00fchle und mit erf\u00fcllender Freude dabei unterst\u00fctze, heilvoller und verstandener in der Obhut von uns Menschen leben zu k\u00f6nnen, ist es meine Herzensangelegenheit, Pferde und die dazugeh\u00f6rigen Menschen zu unterst\u00fctzen.<\/p>\n<p>Auch hier sehe ich mich als Mittlerin und Mediatorin und war bereits mehrere Jahre erfolgreich mit der Unterst\u00fctzung von Reitern und Pferden t\u00e4tig.<\/p>\n<p>Auch hier geht es darum mit Freude &amp; Leichtigkeit, spielerischem Lernen, durch Kreativit\u00e4t, Verst\u00e4ndnis &amp; Motivation Eure und die Potenziale der Pferde zu erkennen, zu f\u00f6rdern und zu vereinen.<\/p>\n<p>Wir werden schauen, welche Themen bei Euch aktuell anstehen.<\/p>\n<p>Was sind Eure Ziele?<br \/>\nWas hindert Euch daran, Eure Ziele heilvoll zu erreichen?<br \/>\nWie k\u00f6nnt Ihr st\u00e4rker gemeinsam weiter kommen?<\/p>\n<p>Durch mein erweitertes Bewusstsein und meine feinstoffliche Wahrnehmung, kann ich hier au\u00dfergew\u00f6hnliche Sichtweisen, mehr Verst\u00e4ndnis f\u00fcreinander und wie der Mensch dies positiv und aufbauend nutzen und einsetzen kann aufzeigen und in \u00dcbungseinheiten entsprechend anleiten.<\/p>\n<p>Ja, mein Angebot richtet sich an jeden Pferdehalter und Reiter: sowohl an den ambitionierten \u201eSportreiter\u201c als auch an den Freizeitreiter und alles, was es sonst noch gibt in jeder Alters- und Leistungsklasse. Voraussetzung ist lediglich, dass Du das Tier nicht als Sportger\u00e4t siehst sondern als Lebewesen, das mitunter sehr weise sein kann und Du den tiefen Wunsch nach Erfolg (auf welcher Ebene und in welcher Weise auch immer) und pers\u00f6nlicher Entwicklung hast.<\/p>\n<p>Es hat ja einen Grund, einen tieferen, ganzheitlichen Sinn, weshalb ich schon als Kind mit dem Reiten begann und bereits vor \u00fcber 10 Jahren mit einigen Olympiasiegern mehr als nur ein \u201eHallo\u201c ausgetauscht habe.<\/p>\n<p>Ich habe festgestellt, dass viele Reiter sehr viel ausprobieren, h\u00e4ufig jedoch noch sehr stark in den alten Mustern \u201egefangen\u201c sind. Insbesondere da diese Muster ja auch zu ihren gr\u00f6\u00dften Erfolgen beigetragen haben.<\/p>\n<p>\u2026. Aber wer will schon h\u00f6ren, dass die eigenen Verspannungen, Lebensf\u00fchrung, Konstitution Einfluss auf den Sport- &amp; Freizeitpartner hat? &amp; doch ist es sooo logisch \u2026<\/p>\n<p>Wie funktioniert Reiten? Man sitzt mit allem, was man ist und mitbringt auf dem Pferd, spannt bewusst Muskeln (also den physischen K\u00f6rper) an. Weil wir denken setzen wir auch immer unsere Gedankenkraft ein. Im \u201eIdealfall\u201c tut das Pferd durch diese Impulse, was wir m\u00f6chten (das h\u00e4ngt h\u00e4ufig auch mit unserer inneren Einstellung, dem Gef\u00fchl, der Absicht, der Intensit\u00e4t, mit der wir das tun zusammen \u2026 also mit der \u201eSeelenenergie\u201c)\u2026<\/p>\n<p>Wenn man nun mit den Gedanken noch ganz woanders ist (in der nahen oder fr\u00fcheren Vergangenheit, in der nahen oder sp\u00e4teren Zukunft, bei aktuellen pers\u00f6nlichen oder gesellschaftlichen \u201eProblemen\u201c, Blockaden, negativen Gedankenmustern, die \u201eja nur realistisch sind\u201c \u2013 und sich so wohl auch wieder manifestieren und damit best\u00e4tigen werden), wie sehr ist man dann im HIER und JETZT (und genau das ist die Zeit, in der wir unsere Zukunft ver\u00e4ndern k\u00f6nnen \u2013 das HIER und JETZT)?<\/p>\n<p>Wenn man Spannungen (bewusst oder unbewusst) im K\u00f6rper mit sich tr\u00e4gt. Warum sollten diese Spannungen sich nicht auf das Pferd \u00fcbertragen?!<\/p>\n<p>Und was glauben Sie? Werden Sie erfolgreich sein? Oder wird wieder eine Stange fallen? Werden Sie wieder nur Zweiter sein? Wird Ihr Pferd heute wieder lahmen, steigen, guckig sein? Wie sind Sie heute drauf?!<\/p>\n<p>Glauben Sie, nur weil diese \u201eTatsachen\u201c, die sie gedanklich (bewusst oder unbewusst) schaffen, nicht gew\u00fcnscht sind, keine Auswirkung auf das sensibel wahrnehmende Pferd und den Kosmos hat? Nur weil das ja gar nicht Ihre Absicht war?<\/p>\n<p>Woher soll das Pferd Ihre Absicht erkennen? Woher den Unterschied zwischen dem, was Sie \u201ewirklich\u201c meinen und was nur ein \u201eZufallsprodukt\u201c bzw. Erinnerungen und unerw\u00fcnschte Gedankenkonstrukte sind?!<\/p>\n<p>Pferde \u201esehen\u201c, wie es Ihnen geht. Sie haben meist einer sehr bewusste feinstoffliche Wahrnehmung und reagieren darauf. Leider h\u00e4ufig nicht so, wie wir es uns w\u00fcnschen. Lernen wir also zu erkennen, warum ein Pferd auf diese oder jene Situation so oder so reagiert, k\u00f6nnen wir darauf hinarbeiten, die Situationen so zu ver\u00e4ndern, dass auch das gew\u00fcnschte Ergebnis erfolgt.<\/p>\n<p>Lerne einen neuen Blick auf Dein Pferd; erkenne energetische wie auch physische Blockaden und erkenne und kreiere Wege damit heilvoll umzugehen.<\/p>\n<p>Erschaffe Dir immer wieder eine lichtvolle Basis. Sei ganz Du selbst. Erde und reinige Dich auch energetisch sowie den Ort, an dem Du Dich gerade befindest. So schaffst Du Dir Deinen Raum; den Raum, in dem Deine Energie herrscht und Du ganz bei Dir sein kannst. Bleib Dir selbst treu, denn Deine Einzigartigkeit bist DU selbst. Niemand ist genau wie Du, hat Deine Erfahrungen oder genau so wie Du gelebt.<\/p>\n<p>Und auch die Pferde haben sich hier in der heutigen Dualit\u00e4t der Erde inkarniert, so dass sie eigene Themen haben, die sie hier l\u00f6sen k\u00f6nnen, um wieder vollst\u00e4ndig in der Einheit des Seins anzukommen &amp; gleichzeitig einen physischen K\u00f6rper zu haben.[\/vc_column_text][\/vc_column][vc_column width=&#8221;1\/6&#8243; css=&#8221;.vc_custom_1623958232294{padding-top: 1em !important;background-color: #f5d530 !important;border-radius: 5px !important;}&#8221;][vc_wp_custommenu nav_menu=&#8221;6&#8243;][\/vc_column][\/vc_row][vc_row][vc_column][vc_single_image image=&#8221;734&#8243; img_size=&#8221;full&#8221; alignment=&#8221;center&#8221; css=&#8221;.vc_custom_1623787586908{margin-top: 5px !important;margin-bottom: 5px !important;}&#8221;][\/vc_column][\/vc_row]<\/p>\n","protected":false},"excerpt":{"rendered":"<p>[vc_row][vc_column width=&#8221;1\/6&#8243;][\/vc_column][vc_column width=&#8221;2\/3&#8243;][vc_column_text] Pferde Da ich mich Pferden sehr nah f\u00fchle und mit erf\u00fcllender Freude dabei unterst\u00fctze, heilvoller und verstandener in der Obhut von uns Menschen leben zu k\u00f6nnen, ist es meine Herzensangelegenheit, Pferde und die dazugeh\u00f6rigen Menschen zu unterst\u00fctzen. Auch hier sehe ich mich als Mittlerin und Mediatorin und war bereits mehrere Jahre erfolgreich&hellip;<\/p>\n","protected":false},"author":3,"featured_media":0,"parent":0,"menu_order":0,"comment_status":"closed","ping_status":"closed","template":"","meta":[],"_links":{"self":[{"href":"https:\/\/emf-mediation.de\/1552820241838\/wp-json\/wp\/v2\/pages\/497"}],"collection":[{"href":"https:\/\/emf-mediation.de\/1552820241838\/wp-json\/wp\/v2\/pages"}],"about":[{"href":"https:\/\/emf-mediation.de\/1552820241838\/wp-json\/wp\/v2\/types\/page"}],"author":[{"embeddable":true,"href":"https:\/\/emf-mediation.de\/1552820241838\/wp-json\/wp\/v2\/users\/3"}],"replies":[{"embeddable":true,"href":"https:\/\/emf-mediation.de\/1552820241838\/wp-json\/wp\/v2\/comments?post=497"}],"version-history":[{"count":12,"href":"https:\/\/emf-mediation.de\/1552820241838\/wp-json\/wp\/v2\/pages\/497\/revisions"}],"predecessor-version":[{"id":649,"href":"https:\/\/emf-mediation.de\/1552820241838\/wp-json\/wp\/v2\/pages\/497\/revisions\/649"}],"wp:attachment":[{"href":"https:\/\/emf-mediation.de\/1552820241838\/wp-json\/wp\/v2\/media?parent=497"}],"curies":[{"name":"wp","href":"https:\/\/api.w.org\/{rel}","templated":true}]}}