{"id":512,"date":"2021-05-15T14:31:57","date_gmt":"2021-05-15T12:31:57","guid":{"rendered":"http:\/\/emf-mediation.de\/1552820241838\/?page_id=512"},"modified":"2022-01-16T18:15:09","modified_gmt":"2022-01-16T17:15:09","slug":"beispiele-mit-pferden","status":"publish","type":"page","link":"https:\/\/emf-mediation.de\/1552820241838\/pferde\/beispiele-mit-pferden\/","title":{"rendered":"Beispiele mit Pferden"},"content":{"rendered":"<p>[vc_row][vc_column width=&#8221;1\/6&#8243;][\/vc_column][vc_column width=&#8221;2\/3&#8243;][vc_column_text]<\/p>\n<h1>Beispiele mit Pferden<\/h1>\n<p>Bei den Beispielen 1-3 war der Unterschied sofort sichtbar und f\u00fcr den Reiter bzw. die Reiterin sp\u00fcrbar.<\/p>\n<p>Ich habe wahrgenommen, dass das Pferd<\/p>\n<ol>\n<li>die Spr\u00fcnge nicht gut sieht, da der Raum nicht \u201esauber\u201c ist. L\u00f6sung: Reitplatz\/Halle energetisch \u201ereinigen\u201c.<\/li>\n<li>gerne den Parcours kennen m\u00f6chte, damit es sich darauf einstellen kann. L\u00f6sung: Der Reiter \u201ezeigt\u201c seinem Pferd gedanklich den Parcours.<\/li>\n<li>gar nicht wei\u00df, wie das mit dem Springen funktioniert (es hat immer die Stange ber\u00fchrt, auch wenn sie selten gefallen ist). L\u00f6sung: Die Reiterin hat dem Pferd gedanklich gesagt, dass das \u201eSpiel\u201c darin besteht, die Stange zu \u00fcberspringen, OHNE sie zu ber\u00fchren und den R\u00fccken dabei sch\u00f6n rund zu machen.<\/li>\n<li>nicht vollst\u00e4ndig anwesend ist (als geistiges Wesen im K\u00f6rper \u2013 bis zu den Hufen) und daher fiel immer mal wieder eine Stange. L\u00f6sung: Ich habe dem Reiter beigebracht, wie er sich selbst erden kann und dem Pferd so zeigt\/vormacht, wie man das macht, und es daran erinnert, damit das Pferd es auch tun kann.<\/li>\n<li>Angst vor feinstofflichen Wesen hat (Pferde sind h\u00e4ufig hellsichtig). L\u00f6sung: Die Reiterin hat dem Pferd beigebracht, welche Wesen feinstofflich sind und was feststofflich ist, dar\u00fcber hinaus hat die Reiterin die feinstofflichen Wesen gebeten, die Halle zu verlassen, wenn sie mit diesem Pferd geritten ist oder sie hat das Pferd ermutigt, freudig \u201edurch\u201c das Wesen zu gehen, wenn es nicht zur Seite geht, obwohl man es darum gebeten hat. Dar\u00fcber hinaus haben wir geschaut, warum das Wesen in der einen Ecke der Halle war und ihm einen neuen Platz \u201eeingerichtet\u201c.<\/li>\n<li>sich und seinen K\u00f6rper nicht so gut wahrgenommen hat. L\u00f6sung: Das Pferd \u201eausbalancieren\u201c und damit sein K\u00f6rperbewusstsein f\u00f6rdern.<\/li>\n<li>R\u00fcckenschmerzen hat. L\u00f6sung: Ich habe der Pflegerin gezeigt, wie sie das Pferd animieren kann, Heilenergien durch sich flie\u00dfen zu lassen und dem Pferd die schmerzende Stelle durch Ber\u00fchrung bewusst zu machen.<\/li>\n<li>ein Trauma hat. Das Pferd war auf \u00dcbernachtungsturnieren stets panisch und so gar nicht bei sich. Ich habe gesehen, wie es als Fohlen bei einer Veranstaltung, auf der ebenfalls die mobilen St\u00e4lle aufgebaut waren, von seiner Mutter getrennt wurde. Das damalige Trauma war noch nicht aufgel\u00f6st. Einfach dadurch, dass ich anerkannt habe, was damals war und ihm gezeigt habe, dass das Vergangenheit ist und wie er heute ist, konnte sich das Trauma komplett aufl\u00f6sen und das Pferd war auch bei \u00dcbernachtungsturnieren bei sich.<\/li>\n<li>vom Reiter energetisch wie abgeschnitten war und somit seine Energie nicht mehr frei geflossen ist. L\u00f6sung: Einfach durch die Herz\u00f6ffnung des Reiters kamen die Energien wieder ins Flie\u00dfen und das Pferd konnte sich wieder erholen, da es sich wahrgenommen und geliebt gef\u00fchlt hat.<\/li>\n<\/ol>\n<p>[\/vc_column_text][\/vc_column][vc_column width=&#8221;1\/6&#8243; css=&#8221;.vc_custom_1623958436127{padding-top: 1em !important;background-color: #f5d530 !important;border-radius: 5px !important;}&#8221;][vc_wp_custommenu nav_menu=&#8221;6&#8243;][\/vc_column][\/vc_row][vc_row][vc_column][vc_single_image image=&#8221;734&#8243; img_size=&#8221;full&#8221; alignment=&#8221;center&#8221; css=&#8221;.vc_custom_1624478335215{margin-top: 5px !important;margin-bottom: 5px !important;}&#8221;][\/vc_column][\/vc_row]<\/p>\n","protected":false},"excerpt":{"rendered":"<p>[vc_row][vc_column width=&#8221;1\/6&#8243;][\/vc_column][vc_column width=&#8221;2\/3&#8243;][vc_column_text] Beispiele mit Pferden Bei den Beispielen 1-3 war der Unterschied sofort sichtbar und f\u00fcr den Reiter bzw. die Reiterin sp\u00fcrbar. Ich habe wahrgenommen, dass das Pferd die Spr\u00fcnge nicht gut sieht, da der Raum nicht \u201esauber\u201c ist. L\u00f6sung: Reitplatz\/Halle energetisch \u201ereinigen\u201c. gerne den Parcours kennen m\u00f6chte, damit es sich darauf einstellen kann.&hellip;<\/p>\n","protected":false},"author":3,"featured_media":0,"parent":497,"menu_order":2,"comment_status":"closed","ping_status":"closed","template":"","meta":[],"_links":{"self":[{"href":"https:\/\/emf-mediation.de\/1552820241838\/wp-json\/wp\/v2\/pages\/512"}],"collection":[{"href":"https:\/\/emf-mediation.de\/1552820241838\/wp-json\/wp\/v2\/pages"}],"about":[{"href":"https:\/\/emf-mediation.de\/1552820241838\/wp-json\/wp\/v2\/types\/page"}],"author":[{"embeddable":true,"href":"https:\/\/emf-mediation.de\/1552820241838\/wp-json\/wp\/v2\/users\/3"}],"replies":[{"embeddable":true,"href":"https:\/\/emf-mediation.de\/1552820241838\/wp-json\/wp\/v2\/comments?post=512"}],"version-history":[{"count":6,"href":"https:\/\/emf-mediation.de\/1552820241838\/wp-json\/wp\/v2\/pages\/512\/revisions"}],"predecessor-version":[{"id":782,"href":"https:\/\/emf-mediation.de\/1552820241838\/wp-json\/wp\/v2\/pages\/512\/revisions\/782"}],"up":[{"embeddable":true,"href":"https:\/\/emf-mediation.de\/1552820241838\/wp-json\/wp\/v2\/pages\/497"}],"wp:attachment":[{"href":"https:\/\/emf-mediation.de\/1552820241838\/wp-json\/wp\/v2\/media?parent=512"}],"curies":[{"name":"wp","href":"https:\/\/api.w.org\/{rel}","templated":true}]}}