{"id":532,"date":"2021-05-17T07:57:37","date_gmt":"2021-05-17T05:57:37","guid":{"rendered":"http:\/\/emf-mediation.de\/1552820241838\/?page_id=532"},"modified":"2022-01-16T18:09:22","modified_gmt":"2022-01-16T17:09:22","slug":"beispiele-mit-menschen","status":"publish","type":"page","link":"https:\/\/emf-mediation.de\/1552820241838\/ueber-mich\/beispiele-mit-menschen\/","title":{"rendered":"Beispiele mit Menschen"},"content":{"rendered":"<p>[vc_row][vc_column width=&#8221;1\/6&#8243;][\/vc_column][vc_column width=&#8221;2\/3&#8243;][vc_column_text]<\/p>\n<h1>Beispiele mit Menschen<\/h1>\n<p>Ich durfte wahrnehmen, dass der Mensch<\/p>\n<ol>\n<li>nicht gut geerdet ist und daher die Energien gar nicht richtig flie\u00dfen k\u00f6nnen und der Mensch sich nicht so ganz \u201eda\u201c f\u00fchlt \u2026<\/li>\n<li>zu viel gr\u00fcbelt, sein Verstand zu viel Raum einnimmt und so sein wahres Wesen sich zur\u00fcckzieht \u2026<\/li>\n<li>seinen Fokus auf der Vergangenheit hat oder auch einfach auf dem, was er nicht haben m\u00f6chte &#8230;<\/li>\n<li>durch ein Trauma gar nicht vollst\u00e4ndig anwesend ist. Ein Teil von ihm war noch in der traumatisierenden Situation &#8230;<\/li>\n<li>sehr emotional auf einen Aspekt seiner W\u00fcnsche und Ziele reagiert und damit nicht wirklich frei ist &#8230;<\/li>\n<li>einen Glaubenssatz sogar mit dem dazugeh\u00f6rigen Bild in sich tr\u00e4gt und so genau dieses angezogen hat &#8230;<\/li>\n<li>einfach durch die \u00c4nderung seiner Ausrichtung sich in seiner ganzen Ausstrahlung und Pr\u00e4senz in sekundenschnelle ver\u00e4ndert hat.<\/li>\n<\/ol>\n<p>Sehr h\u00e4ufig sind es alte Glaubenss\u00e4tze und Erfahrungen, \u201ekleine Halbs\u00e4tze\u201c oder Traumen, die einen sich stark beschr\u00e4nken lassen, die Energie in die falsche Richtung lenken oder Sie gar nicht vollst\u00e4ndig anwesend sein l\u00e4sst.<\/p>\n<p>Durch meine T\u00e4tigkeit, kann ich Sie in Ihren lichtvollen Prozessen unterst\u00fctzen.[\/vc_column_text][\/vc_column][vc_column width=&#8221;1\/6&#8243; css=&#8221;.vc_custom_1623958550879{padding-top: 1em !important;background-color: #f5d530 !important;border-radius: 5px !important;}&#8221;][vc_wp_custommenu nav_menu=&#8221;4&#8243;][\/vc_column][\/vc_row][vc_row][vc_column][vc_single_image image=&#8221;734&#8243; img_size=&#8221;full&#8221; alignment=&#8221;center&#8221; css=&#8221;.vc_custom_1624479256022{margin-top: 5px !important;margin-bottom: 5px !important;}&#8221;][\/vc_column][\/vc_row]<\/p>\n","protected":false},"excerpt":{"rendered":"<p>[vc_row][vc_column width=&#8221;1\/6&#8243;][\/vc_column][vc_column width=&#8221;2\/3&#8243;][vc_column_text] Beispiele mit Menschen Ich durfte wahrnehmen, dass der Mensch nicht gut geerdet ist und daher die Energien gar nicht richtig flie\u00dfen k\u00f6nnen und der Mensch sich nicht so ganz \u201eda\u201c f\u00fchlt \u2026 zu viel gr\u00fcbelt, sein Verstand zu viel Raum einnimmt und so sein wahres Wesen sich zur\u00fcckzieht \u2026 seinen Fokus auf&hellip;<\/p>\n","protected":false},"author":3,"featured_media":0,"parent":34,"menu_order":3,"comment_status":"closed","ping_status":"closed","template":"","meta":[],"_links":{"self":[{"href":"https:\/\/emf-mediation.de\/1552820241838\/wp-json\/wp\/v2\/pages\/532"}],"collection":[{"href":"https:\/\/emf-mediation.de\/1552820241838\/wp-json\/wp\/v2\/pages"}],"about":[{"href":"https:\/\/emf-mediation.de\/1552820241838\/wp-json\/wp\/v2\/types\/page"}],"author":[{"embeddable":true,"href":"https:\/\/emf-mediation.de\/1552820241838\/wp-json\/wp\/v2\/users\/3"}],"replies":[{"embeddable":true,"href":"https:\/\/emf-mediation.de\/1552820241838\/wp-json\/wp\/v2\/comments?post=532"}],"version-history":[{"count":10,"href":"https:\/\/emf-mediation.de\/1552820241838\/wp-json\/wp\/v2\/pages\/532\/revisions"}],"predecessor-version":[{"id":788,"href":"https:\/\/emf-mediation.de\/1552820241838\/wp-json\/wp\/v2\/pages\/532\/revisions\/788"}],"up":[{"embeddable":true,"href":"https:\/\/emf-mediation.de\/1552820241838\/wp-json\/wp\/v2\/pages\/34"}],"wp:attachment":[{"href":"https:\/\/emf-mediation.de\/1552820241838\/wp-json\/wp\/v2\/media?parent=532"}],"curies":[{"name":"wp","href":"https:\/\/api.w.org\/{rel}","templated":true}]}}