{"id":7,"date":"2019-03-04T17:26:58","date_gmt":"2019-03-04T17:26:58","guid":{"rendered":"http:\/\/emf-mediation.de\/?page_id=7"},"modified":"2021-07-31T15:34:43","modified_gmt":"2021-07-31T13:34:43","slug":"home","status":"publish","type":"page","link":"https:\/\/emf-mediation.de\/1552820241838\/","title":{"rendered":"Home"},"content":{"rendered":"<p>[vc_row][vc_column][vc_single_image image=&#8221;734&#8243; img_size=&#8221;full&#8221;][vc_single_image image=&#8221;50&#8243; img_size=&#8221;full&#8221; lazy_loading=&#8221;true&#8221; css=&#8221;.vc_custom_1617574062790{margin-bottom: 30px !important;}&#8221;][\/vc_column][\/vc_row][vc_row][vc_column width=&#8221;1\/6&#8243;][\/vc_column][vc_column width=&#8221;2\/3&#8243;][vc_column_text]Diese Seite bietet Euch sehr viele Informationen, Impulse und M\u00f6glichkeiten, wie Ihr Euer Leben lichtvoll ausrichten k\u00f6nnt.<\/p>\n<p>Alleine durch die hohe Energie auf der sie erbaut wurde, wirkt sie.<\/p>\n<p>Sie wird sich vermutlich ebenso wandeln, wachsen, entfalten und erweitern, so wie ich es gewiss tun werde.[\/vc_column_text][vc_column_text]Verlasse mehr und mehr das Alltagsgrau und komme wieder ins Leben, mit seiner Vielseitigkeit, seiner Freude, seinen Farben, seiner F\u00fclle, seiner Leichtigkeit in Harmonie, Frieden, Gl\u00fcck und Gl\u00fcckseligkeit, in Dankbarkeit, Demut, Heil und Liebe.<\/p>\n<p>Ich m\u00f6chte Menschen dabei unterst\u00fctzen, ihre Potenziale zu leben, alte Muster und Beschr\u00e4nkungen, die wir durch die Vergangenheit erfahren haben, zu l\u00f6sen und ganz sie selbst zu sein. Es geht also um eine Unterst\u00fctzung im pers\u00f6nlichen Prozess der Selbstbefreiung und damit auch der Selbstheilung und Selbstverwirklichung jedes Einzelnen.<\/p>\n<p>Es geht konkret um die Frage:\u201c Was ver\u00e4ndere ich JETZT, um in der Zukunft meine positiven Qualit\u00e4ten, meine Ziele, meine W\u00fcnsche, meinen Seelenplan, mein wahres Sein vollst\u00e4ndig frei zu leben?\u201c<\/p>\n<p>Es geht darum, die eigene Kraft zu erkennen und zu st\u00e4rken, positive Energien zu nutzen, das Positive zu best\u00e4tigen, Ihnen ein Feedback zu geben, Ihren Mut zu f\u00f6rdern, Ihr Wohlbefinden, Ihre Freude, Ihre Leichtigkeit, Ihre Selbstsicherheit, Ihre Selbstliebe zu st\u00e4rken. Zu sich kommen, bei sich sein, bei sich ankommen, bei sich bleiben und die Frage: \u201cWas kann ich selbst daf\u00fcr tun?\u201c<\/p>\n<p>Es geht um die F\u00f6rderung der Wahrnehmung, Bewusstwerdung und Pers\u00f6nlichkeitsentwicklung.<span class=\"Apple-converted-space\">\u00a0<\/span><\/p>\n<p>Seien auch Sie offen f\u00fcr Intuitionen &amp; Inspirationen. Nutzen auch Sie Ihre innere Anbindung. Arbeiten auch Sie intuitiv &amp; folgen Sie Ihren Eingebungen. H\u00f6ren Sie aktiv hin &amp; vertrauen Sie sich selbst. Nutzen auch Sie Ihre Sch\u00f6pferkraft. Geben Sie den Raum, in dem Heil geschehen kann. Setzen Sie die Energien bewusst. Wir werden bewusst hinschauen und wahrnehmen, mit offenem Herzen, mit Liebe, Verst\u00e4ndnis, Annahme, Mitgef\u00fchl und Wertsch\u00e4tzung, Energien flie\u00dfen lassen, Kraft und Verbindung mit der Erde und dem Kosmos schaffen. So werden wir uns weiter entwickeln, einzeln und als Team, unsere Ressourcen nutzen und unsere Potenziale f\u00f6rdern, um unsere Ziele heilvoll und zum Wohle aller zu erreichen durch gezielte Manifestation in tiefem Glauben, Vertrauen und Dankbarkeit. Damit Sie und Ihre Liebsten immer erfolgreicher, zufriedener, motivierter, wacher, bewusster, engagierter und ges\u00fcnder werden, sind und sein werden. Innerlich erf\u00fcllt mit heilvollen Gef\u00fchlen und lichtvollen Perspektiven Ihren Weg weiter gehen (wieder fahren).<\/p>\n<p>Gerne schauen wir uns das gemeinsam an, stellen die jetzt richtigen und wichtigen Fragen, damit Sie kreative, klare und wahre Antworten, Ideen &amp; M\u00f6glichkeiten erhalten. Entscheiden Sie ganz in Ihrer Eigenverantwortung, was Ihnen entspricht, welchen Weg Sie gehen m\u00f6chten, was Sie ver\u00e4ndern m\u00f6chten &#8230; und was auch nicht \u263a es ist und bleibt immer Ihre eigene Entscheidung.<\/p>\n<p>Wir arbeiten energetisch. Das hei\u00dft:<br \/>\nWir schauen uns eine aktuelle, irdische Situation auf einer energetischen, geistigen Ebene an und bekommen so gezeigt, welche Traumen, Themen, Aufgaben f\u00fcr die involvierten Wesen derzeit anstehen.<br \/>\nWir h\u00f6ren sehr genau hin, was Sie sagen, denn das ist ja in Ihnen. Es ist die Energie bzw. Schwingung, die Sie derzeit aussenden und nach dem Gesetz der Resonanz somit auch anziehen.<\/p>\n<p>So k\u00f6nnen wir Bewusstsein und Freiwerdung schaffen, auch von alten Themen, die sie manchmal schon aus fr\u00fcheren Inkarnationen mitgebracht haben.<\/p>\n<p>Selbstverst\u00e4ndlich sind auch immer unsere geistigen Teams sowie weitere Helfer der lichtvollen geistigen Welt anwesend und unterst\u00fctzen uns. Auch jetzt, w\u00e4hrend Sie diese Zeilen lesen und sich Ihre Gedanken machen, in sich hinein f\u00fchlen und Ihre Entscheidungen treffen und sie in die Tat umsetzen.<\/p>\n<p>Ich freue mich, dass Sie mit dem Wunsch sich weiter zu entwickeln und mit Selbstreflektion an Ihrer Selbstbefreiung dran sind, denn sonst w\u00fcrden Sie diese Zeilen nicht lesen \u263a. Treffen Sie Ihre Entscheidungen, geben Sie sich die Erlaubnis, nutzen Sie Ihren freien Willen und handeln Sie entsprechend.<\/p>\n<p>Es hat Gr\u00fcnde, weshalb Ihre Situation genau so ist, wie sie ist. Und in Ihrer Situation steckt alles, was Sie im Moment f\u00fcr Ihre Entwicklung brauchen. Es steckt sogar sehr viel Entwicklungspotenzial f\u00fcr alle Beteiligten darin.<\/p>\n<p>Es ist alles bereits in Ihnen!!!<span class=\"Apple-converted-space\">\u00a0<\/span><\/p>\n<p>SIE sind vollst\u00e4ndig und damit MEHR als \u201egenug\u201c!!!<\/p>\n<p>ALLES IST EINS!!!<\/p>\n<p>Wie im Kleinen, so auch im Gro\u00dfen!!!<\/p>\n<p>Und so k\u00f6nnen Sie Ihre R\u00e4ume auch jederzeit und an jedem Ort mit Ihrer bewussten Anwesenheit erf\u00fcllen. Verbinden Sie sich mit der Quelle in Ihnen. Denn Sie haben Ihren freien Willen und den Zugang zur Sch\u00f6pferkraft. Es sind <b>IHRE<\/b> Entscheidungen. <b>SIE<\/b> erlauben es sich. Seien Sie sich dessen einfach bewusst und <strong>LEBEN SIE IHRE KRAFT<\/strong>.<\/p>\n<p>Und wenn Sie gerne Unterst\u00fctzung dabei haben m\u00f6chten, freue ich mich \u00fcber Ihre irdische Kontaktaufnahme. <span class=\"Apple-converted-space\"><br \/>\n<\/span><\/p>\n<p>Wenn Sie dann hier pers\u00f6nlich erscheinen oder wir miteinander telefonieren, herrscht eine sehr freie, lichtvolle Energie, in der Sie je nach Ihrer Offenheit und nach Ihrem Seelenplan Erinnerungen, Pr\u00e4gungen, Muster, Programmierungen etc. loslassen k\u00f6nnen. Wenn Sie dann weiter gehen, besteht so die M\u00f6glichkeit, dass Sie durch Ihre ver\u00e4nderte Ausstrahlung und die bewusste \u00d6ffnung und R\u00fcckverbindung mit der Quelle alte Energien nicht mehr anziehen, sich bewusster sind, welche Energien Sie anziehen und so Unerw\u00fcnschtes loslassen und Ihre Ziele und W\u00fcnsche anziehen.<\/p>\n<p>Hegen und Pflegen Sie sich sowie Ihre Freiheit und \u00f6ffnen Sie sich, wie ein Samen, den wir ges\u00e4t haben. Damit Sie sich so entfalten und in Ihre wahre Gr\u00f6\u00dfe wachsen und gedeihen k\u00f6nnen und machtvoll Ihr Leben mit Ihrer Anwesenheit und Ihrem Bewusstsein erf\u00fcllen.<\/p>\n<p>Es liegt somit einzig und alleine an Ihnen, wie viel Heil geschehen kann, da Sie der Meister und die Meisterin Ihrer Realit\u00e4t sind und in diesen heiligen R\u00e4umen niemand ohne Ihre Bitte in Ihre eigenen Prozesse eingreifen wird.<\/p>\n<p>Durch Vortr\u00e4ge, Gespr\u00e4che, unsere Gedanken, telepathische Kontaktaufnahmen, Seelenlesungen oder auch Balancierungen k\u00f6nnen wir energetisch bewusst den physischen K\u00f6rper, wie auch die unterschiedlichen Aspekte unseres Lichtk\u00f6rpers (wie z.B. das \u00e4therische Doppel, den Emotional-, den Mental- oder den Karmak\u00f6rper) ansprechen und unsere Liebeslichtenergie wieder erh\u00f6hen. Dabei haben wir Unterst\u00fctzung durch unser eigenes H\u00f6heres Selbst, unseren Geist, unsere Seele, unser Bewusstsein sowie lichtvolle Heil- und Engelwesen, die mit dem Segen der Urquelle und unserem freien Willen unser Sein befreien k\u00f6nnen.<\/p>\n<p>In Vortr\u00e4gen erz\u00e4hle ich von meinen Wahrnehmungen und Erfahrungen, aus denen jeder f\u00fcr sich, die f\u00fcr ihn gerade hilfreichen Informationen in Eigenverantwortung nutzen kann.<\/p>\n<p>Herzlich willkommen im Leben und in Ihrem Zentrum \u201eICH BIN\u201c<\/p>\n<p>Ihre Eva Michaela Foerster<span class=\"Apple-converted-space\">\u00a0<\/span>[\/vc_column_text][\/vc_column][vc_column width=&#8221;1\/6&#8243;][\/vc_column][\/vc_row]<\/p>\n","protected":false},"excerpt":{"rendered":"<p>[vc_row][vc_column][vc_single_image image=&#8221;734&#8243; img_size=&#8221;full&#8221;][vc_single_image image=&#8221;50&#8243; img_size=&#8221;full&#8221; lazy_loading=&#8221;true&#8221; css=&#8221;.vc_custom_1617574062790{margin-bottom: 30px !important;}&#8221;][\/vc_column][\/vc_row][vc_row][vc_column width=&#8221;1\/6&#8243;][\/vc_column][vc_column width=&#8221;2\/3&#8243;][vc_column_text]Diese Seite bietet Euch sehr viele Informationen, Impulse und M\u00f6glichkeiten, wie Ihr Euer Leben lichtvoll ausrichten k\u00f6nnt. Alleine durch die hohe Energie auf der sie erbaut wurde, wirkt sie. Sie wird sich vermutlich ebenso wandeln, wachsen, entfalten und erweitern, so wie ich es gewiss tun&hellip;<\/p>\n","protected":false},"author":1,"featured_media":0,"parent":0,"menu_order":0,"comment_status":"closed","ping_status":"closed","template":"","meta":[],"_links":{"self":[{"href":"https:\/\/emf-mediation.de\/1552820241838\/wp-json\/wp\/v2\/pages\/7"}],"collection":[{"href":"https:\/\/emf-mediation.de\/1552820241838\/wp-json\/wp\/v2\/pages"}],"about":[{"href":"https:\/\/emf-mediation.de\/1552820241838\/wp-json\/wp\/v2\/types\/page"}],"author":[{"embeddable":true,"href":"https:\/\/emf-mediation.de\/1552820241838\/wp-json\/wp\/v2\/users\/1"}],"replies":[{"embeddable":true,"href":"https:\/\/emf-mediation.de\/1552820241838\/wp-json\/wp\/v2\/comments?post=7"}],"version-history":[{"count":46,"href":"https:\/\/emf-mediation.de\/1552820241838\/wp-json\/wp\/v2\/pages\/7\/revisions"}],"predecessor-version":[{"id":114,"href":"https:\/\/emf-mediation.de\/1552820241838\/wp-json\/wp\/v2\/pages\/7\/revisions\/114"}],"wp:attachment":[{"href":"https:\/\/emf-mediation.de\/1552820241838\/wp-json\/wp\/v2\/media?parent=7"}],"curies":[{"name":"wp","href":"https:\/\/api.w.org\/{rel}","templated":true}]}}